7.
9
What is the greatest common divisor of 1330888 and 51389?
871
What is the highest common divisor of 1344934 and 4997?
19
What is the greatest common divisor of 1991 and 3892767?
181
Calculate the highest common factor of 501966 and 1868076.
6354
What is the highest common divisor of 2935024 and 3168?
16
What is the greatest common factor of 736 and 6637754?
46
What is the highest common divisor of 4 and 24472872?
4
Calculate the highest common factor of 6543 and 36243.
9
What is the greatest common factor of 596256839 and 7624?
953
Calculate the greatest common divisor of 71608 and 237801217.
8951
What is the highest common factor of 6 and 6479502?
6
What is the highest common factor of 30943610 and 10?
10
Calculate the highest common factor of 896 and 2450368.
64
Calculate the highest common divisor of 615 and 239539835.
205
What is the greatest common divisor of 310 and 39070?
10
Calculate the highest common divisor of 1535 and 36457785.
1535
What is the greatest common divisor of 7931683 and 95?
19
What is the greatest common factor of 1722 and 13270593?
861
Calculate the highest common factor of 2088 and 3816.
72
Calculate the greatest common factor of 423159 and 9141.
33
Calculate the greatest common factor of 6383522 and 796.
398
Calculate the greatest common divisor of 19192 and 33017437.
2399
What is the greatest common factor of 7 and 69876044?
7
Calculate the greatest common divisor of 30 and 23958810.
30
What is the greatest common factor of 311584 and 13482?
1498
What is the greatest common divisor of 604 and 1188288309?
151
Calculate the greatest common divisor of 202922 and 411317.
421
What is the highest common divisor of 206 and 1825630195?
103
Calculate the highest common factor of 9259561 and 193.
193
Calculate the highest common factor of 5712 and 410907.
357
What is the highest common factor of 19333170 and 21470?
1130
Calculate the greatest common factor of 1536 and 191728.
16
What is the greatest common divisor of 145896883 and 518?
37
What is the greatest common divisor of 369966 and 1423524?
1878
Calculate the highest common divisor of 341260665 and 45.
15
Calculate the highest common factor of 4270820 and 80.
20
What is the highest common factor of 235 and 10888819?
47
What is the highest common divisor of 2300563638 and 5612?
2806
Calculate the highest common divisor of 209047 and 7273152.
1403
Calculate the greatest common divisor of 907791135 and 1410.
705
What is the highest common divisor of 80627940 and 510?
510
What is the highest common divisor of 921204 and 4116?
12
Calculate the greatest common divisor of 119106 and 1111734.
234
Calculate the greatest common factor of 850 and 35650.
50
What is the greatest common divisor of 3490890 and 12714?
78
What is the greatest common factor of 441 and 7303401?
441
What is the greatest common factor of 1173289 and 169?
13
What is the highest common divisor of 50 and 622970?
10
What is the highest common factor of 10994 and 425898?
478
What is the greatest common divisor of 8 and 7987156?
4
What is the highest common factor of 26022383 and 8?
1
What is the highest common divisor of 388 and 832408022?
194
Calculate the highest common divisor of 15449334 and 258.
6
Calculate the greatest common divisor of 128674 and 164983.
637
What is the greatest common factor of 33428 and 636596?
244
Calculate the highest common factor of 4762814 and 301.
7
Calculate the greatest common factor of 6440 and 800240.
280
Calculate the highest common divisor of 170170 and 1009239.
1309
Calculate the highest common divisor of 1864 and 393470828.
932
Calculate the greatest common divisor of 5256 and 54888.
24
Calculate the highest common divisor of 2050 and 9064690.
410
Calculate the highest common divisor of 85917612 and 11352.
5676
What is the greatest common factor of 15580 and 1547690?
10
Calculate the highest common divisor of 928 and 12900128.
928
Calculate the highest common factor of 15888359 and 796.
199
What is the greatest common divisor of 42240 and 435160?
440
Calculate the greatest common factor of 8813831 and 141084.
3919
Calculate the greatest common divisor of 573056 and 223036.
1628
What is the highest common divisor of 125696 and 1276672?
256
What is the highest common divisor of 15825 and 4996725?
75
What is the greatest common divisor of 76417389 and 17799?
1047
What is the highest common divisor of 90875 and 33875?
125
Calculate the greatest common divisor of 1135250 and 1500.
250
What is the greatest common factor of 7866 and 1048800?
2622
What is the highest common factor of 691310 and 1825?
365
What is the greatest common divisor of 225087128 and 224?
56
Calculate the greatest common divisor of 85947625 and 250.
125
Calculate the highest common divisor of 181 and 33446.
1
What is the greatest common divisor of 339374240 and 160?
160
What is the highest common divisor of 675 and 46403739?
27
What is the greatest common factor of 27536267 and 23?
23
Calculate the highest common divisor of 16146000 and 6552.
936
What is the greatest common divisor of 623772906 and 4062?
4062
What is the highest common factor of 2856490 and 630?
70
What is the greatest common divisor of 296 and 23216728?
8
Calculate the greatest common divisor of 5328 and 67657164.
444
Calculate the greatest common divisor of 1334616 and 120.
24
Calculate the highest common divisor of 20041596 and 497.
71
What is the highest common factor of 422633874 and 23010?
4602
Calculate the highest common factor of 306 and 9818418.
102
Calculate the greatest common factor of 54145 and 776945.
65
What is the greatest common factor of 157077 and 61101?
279
Calculate the highest common factor of 32195 and 48410.
235
Calculate the highest common factor of 24638 and 82931.
127
Calculate the highest common factor of 2728 and 258137.
341
Calculate the highest common factor of 8931707 and 85856.
2683
Calculate the highest common factor of 14 and 45879029.
7
What is the highest common divisor of 631536 and 5755184?
3568
What is the greatest common factor of 124 and 1226184?
4
Calculate the greatest common divisor of 38 and 140084663.
19
What is the greatest common factor of 32 and 259989472?
32
Calculate the greatest common divisor of 6887349 and 49.
7
What is the highest common factor of 2310854 and 2366?
182
What is the greatest common divisor of 19380 and 32110?
190
Calculate the greatest common factor of 15960 and 20664875.
665
What is the greatest common divisor of 536343841 and 22?
11
What is the greatest common divisor of 10811 and 1421362?
569
What is the highest common factor of 174 and 604398?
6
What is the greatest common factor of 1283432 and 272?
136
Calculate the highest common divisor of 501099 and 156.
3
Calculate the greatest common factor of 8022269 and 2248.
281
Calculate the greatest common factor of 2093955 and 2145.
15
What is the highest common divisor of 347936 and 1662988?
332
Calculate the greatest common factor of 679136385 and 60.
15
Calculate the highest common divisor of 10940620 and 30.
10
What is the highest common factor of 1100922492 and 48?
12
What is the highest common factor of 4655265 and 30?
15
What is the highest common factor of 5391852 and 564?
12
What is the greatest common divisor of 32227 and 3536?
13
What is the highest common factor of 820 and 5696540?
820
Calculate the greatest common factor of 54989 and 29.
1
Calculate the highest common divisor of 7670 and 5002315.
295
What is the highest common divisor of 943 and 8663801?
23
What is the greatest common factor of 2345 and 154541195?
335
What is the highest common factor of 872 and 11965148?
436
Calculate the highest common divisor of 193424 and 75757.
11
What is the greatest common divisor of 148330 and 6152435?
815
What is the greatest common factor of 388 and 87295926?
194
What is the highest common divisor of 164907828 and 24?
12
What is the highest common factor of 36325 and 3168925?
25
Calculate the highest common divisor of 2167 and 26431884.
197
Calculate the greatest common factor of 1323 and 39903003.
1323
What is the greatest common divisor of 100638315 and 46224?
2889
What is the highest common factor of 12059869 and 545?
109
Calculate the highest common factor of 2453 and 475213.
223
Calculate the greates